-10101
What is -3d (base 15) in base 2?
-111010
What is 111 (base 2) in base 4?
13
-12100 (base 3) to base 5
-1034
Convert 18 (base 11) to base 14.
15
1 (base 6) to base 3
1
Convert 2 (base 12) to base 14.
2
Convert -122 (base 3) to base 13.
-14
-141 (base 6) to base 2
-111101
Convert -21 (base 4) to base 8.
-11
What is -3 (base 13) in base 4?
-3
Convert -3 (base 14) to base 11.
-3
-63 (base 11) to base 6
-153
Convert 23 (base 6) to base 5.
30
What is -13 (base 5) in base 11?
-8
-10 (base 6) to base 4
-12
-5 (base 9) to base 13
-5
Convert -2 (base 15) to base 7.
-2
4 (base 7) to base 3
11
What is -101 (base 13) in base 15?
-b5
6 (base 10) to base 9
6
Convert -2 (base 4) to base 8.
-2
Convert d (base 16) to base 8.
15
-21 (base 5) to base 8
-13
What is -1000 (base 3) in base 10?
-27
Convert 11 (base 10) to base 16.
b
What is 15 (base 6) in base 15?
b
-29 (base 14) to base 13
-2b
Convert -3 (base 15) to base 4.
-3
What is 1 (base 6) in base 9?
1
2 (base 13) to base 6
2
Convert 3 (base 9) to base 3.
10
What is -70 (base 12) in base 8?
-124
Convert 28 (base 9) to base 7.
35
12a (base 12) to base 6
454
What is -51 (base 8) in base 9?
-45
What is -113 (base 5) in base 11?
-30
11021 (base 3) to base 5
430
What is 4 (base 8) in base 14?
4
32 (base 5) to base 7
23
-34 (base 5) to base 14
-15
Convert -52 (base 6) to base 8.
-40
Convert -3 (base 13) to base 14.
-3
Convert -11 (base 13) to base 5.
-24
What is 12 (base 3) in base 7?
5
Convert -32 (base 9) to base 6.
-45
What is 5 (base 14) in base 16?
5
21 (base 3) to base 13
7
Convert -5 (base 11) to base 15.
-5
What is -3 (base 5) in base 14?
-3
Convert 3 (base 12) to base 5.
3
What is -9 (base 14) in base 6?
-13
What is -102 (base 4) in base 13?
-15
What is -17a (base 13) in base 11?
-226
-3 (base 5) to base 15
-3
Convert -96 (base 10) to base 4.
-1200
-1 (base 13) to base 7
-1
Convert 262 (base 10) to base 14.
14a
What is 0 (base 3) in base 13?
0
-40 (base 5) to base 3
-202
25 (base 13) to base 9
34
1001 (base 2) to base 15
9
What is 3 (base 8) in base 11?
3
What is -10 (base 7) in base 12?
-7
What is -21 (base 14) in base 7?
-41
Convert -12 (base 4) to base 7.
-6
Convert 1220 (base 5) to base 16.
b9
Convert 1 (base 5) to base 16.
1
What is -2020 (base 4) in base 15?
-91
What is 58 (base 12) in base 16?
44
-237 (base 10) to base 5
-1422
Convert -3 (base 11) to base 13.
-3
Convert 54 (base 13) to base 6.
153
What is -10 (base 3) in base 7?
-3
What is -7 (base 13) in base 3?
-21
Convert 1 (base 9) to base 8.
1
Convert -5 (base 7) to base 3.
-12
What is -55 (base 10) in base 15?
-3a
-20 (base 5) to base 10
-10
Convert -23 (base 10) to base 3.
-212
What is -121 (base 4) in base 8?
-31
4 (base 11) to base 14
4
Convert -52 (base 11) to base 3.
-2010
What is 33 (base 16) in base 13?
3c
-26 (base 16) to base 14
-2a
What is -2 (base 12) in base 2?
-10
10 (base 4) to base 12
4
Convert 1010 (base 3) to base 5.
110
What is 1 (base 15) in base 9?
1
Convert 60 (base 16) to base 5.
341
Convert 15 (base 16) to base 5.
41
-a (base 13) to base 2
-1010
-3 (base 13) to base 5
-3
-122 (base 7) to base 4
-1001
3 (base 4) to base 2
11
Convert -2 (base 8) to base 16.
-2
What is 35 (base 9) in base 13?
26
Convert 27 (base 10) to base 2.
11011
What is -21 (base 5) in base 7?
-14
What is -91 (base 12) in base 2?
-1101101
2 (base 15) to base 10
2
Convert -3 (base 14) to base 16.
-3
Convert -10 (base 10) to base 5.
-20
-78 (base 12) to base 3
-10102
-11 (base 4) to base 6
-5
Convert -177 (base 8) to base 11.
-106
Convert 252 (base 6) to base 12.
88
Convert -111000 (base 2) to base 4.
-320
-48 (base 16) to base 14
-52
What is 5 (base 11) in base 7?
5
Convert -1020 (base 5) to base 7.
-252
What is 5 (base 9) in base 10?
5
112 (base 3) to base 6
22
-1 (base 5) to base 3
-1
Convert 46 (base 7) to base 10.
34
-10000 (base 2) to base 6
-24
Convert 2 (base 12) to base 3.
2
2 (base 6) to base 4
2
What is -a (base 11) in base 7?
-13
Convert -b (base 14) to base 12.
-b
Convert 32 (base 7) to base 16.
17
What is 110 (base 2) in base 3?
20
What is 30 (base 4) in base 16?
c
Convert 135 (base 10) to base 16.
87
85 (base 10) to base 3
10011
Convert 6 (base 9) to base 15.
6
Convert -20 (base 3) to base 8.
-6
-4 (base 6) to base 9
-4
What is -2 (base 12) in base 14?
-2
-64 (base 9) to base 3
-2011
Convert 1 (base 14) to base 9.
1
-7 (base 11) to base 8
-7
What is 1 (base 11) in base 7?
1
Convert 77 (base 12) to base 7.
160
2 (base 7) to base 4
2
Convert 0 (base 2) to base 5.
0
What is 10110 (base 2) in base 16?
16
5 (base 10) to base 3
12
Convert 8 (base 12) to base 3.
22
308 (base 9) to base 15
11b
What is 402 (base 7) in base 16?
c6
Convert 214 (base 9) to base 7.
340
What is -11 (base 5) in base 4?
-12
-72 (base 14) to base 3
-10201
What is -1 (base 16) in base 8?
-1
What is 0 (base 12) in base 9?
0
Convert 100 (base 6) to base 5.
121
What is 101 (base 2) in base 4?
11
What is -165 (base 10) in base 16?
-a5
What is 31 (base 8) in base 12?
21
Convert -2 (base 8) to base 6.
-2
-100 (base 6) to base 5
-121
Convert 1 (base 2) to base 6.
1
Convert 1 (base 15) to base 6.
1
Convert -9 (base 16) to base 3.
-100
What is 5 (base 13) in base 14?
5
What is 21 (base 9) in base 11?
18
-37 (base 11) to base 14
-2c
3 (base 13) to base 7
3
Convert -3 (base 14) to base 4.
-3
What is 0 (base 13) in base 12?
0
What is 4 (base 10) in base 16?
4
Convert 1010 (base 2) to base 8.
12
Convert -2 (base 11) to base 16.
-2
-2 (base 12) to base 13
-2
-30 (base 9) to base 8
-33
Convert 23 (base 4) to base 12.
b
2 (base 9) to base 4
2
What is -2010 (base 3) in base 14?
-41
What is 100202 (base 3) in base 9?
322
Convert -1 (base 15) to base 6.
-1
What is 24 (base 8) in base 2?
10100
What is 10 (base 3) in base 15?
3
-330 (base 4) to base 13
-48
100 (base 2) to base 5
4
8 (base 16) to base 11
8
-19 (base 14) to base 6
-35
1 (base 4) to base 6
1
Convert 16 (base 11) to base 5.
32
-4 (base 12) to base 8
-4
-1 (base 6) to base 4
-1
What is 11 (base 10) in base 2?
1011
-5 (base 12) to base 10
-5
-b (base 14) to base 11
-10
What is -232 (base 5) in base 4?
-1003
What is 16 (base 7) in base 16?
d
Convert -90 (base 13) to base 5.
-432
What is 114 (base 8) in base 12?
64
Convert -14 (base 5) to base 9.
-10
Convert 4 (base 5) to base 2.
100
248 (base 12) to base 10
344
-13 (base 7) to base 4
-22
2 (base 12) to base 14
2
What is -4 (base 15) in base 11?
-4
Convert 273 (base 9) to base 15.
103
Convert 3b (base 14) to base 16.
35
What is -23 (base 6) in base 5?
-30
Convert 5 (base 8) to base 7.
5
5 (base 7) to base 2
101
What is 1 (base 11) in base 9?
1
Convert -3 (base 12) to base 14.
-3
-4 (base 7) to base 12
-4
78 (base 9) to base 5
241
What is 69 (base 10) in base 8?
105
Convert -2 (base 7) to base 16.
-2
Convert -1 (base 12) to base 8.
-1
What is -9 (base 15) in base 7?
-12
What is 60 (base 10) in base 16?
3c
-1110 (base 3) to base 9
-43
Convert 7 (base 11) to base 7.
10
What is a2 (base 14) in base 13?
ac
0 (base 14) to base 4
0
1 (base 9) to base 8
1
Convert 12 (base 4) to base 15.
6
What is 16 (base 9) in base 12?
13
-3 (base 4) to base 11
-3
Convert 26 (base 12) to base 5.
110
What is -22 (base 6) in base 3?
-112
Convert 2 (base 7) to base 4.
2
What is 3 (base 7) in base 14?
3
22 (base 3) to base 5
13
1 (base 4) to base 8
1
What is 10 (base 11) in base 15?
b
What is 5 (base 10) in base 3?
12
What is 202 (base 4) in base 9?
37
3 (base 7) to base 3
10
Convert 222 (base 5) to base 6.
142
Convert a (base 12) to base 15.
a
What is -2 (base 14) in base 3?
-2
Convert -243 (base 5) to base 4.
-1021
What is 22 (base 12) in base 5?
101
-1000010 (base 2) to base 7
-123
6 (base 8) to base 15
6
What is -3 (base 8) in base 4?
-3
Convert 8 (base 9) to base 3.
22
10 (base 3) to base 2
11
What is -32 (base 13) in base 8?
-51
What is -10 (base 3) in base 13?
-3
-1022 (base 4) to base 10
-74
Convert -3 (base 16) to base 7.
-3
-2 (base 3) to base 6
-2
4 (base 14) to base 5
4
104 (base 6) to base 5
130
Convert 34 (base 9) to base 3.
1011
Convert -32 (base 5) to base 10.
-17
-9 (base 15) to base 11
-9
Convert -11002 (base 3) to base 4.
-1232
0 (base 11) to base 15
0
What is 143 (base 8) in base 9?
120
What is -8 (base 11) in base 13?
-8
What is -2 (base 7) in base 5?
-2
-1a (base 15) to base 3
-22